{"id":247,"date":"2022-03-29T07:07:51","date_gmt":"2022-03-29T07:07:51","guid":{"rendered":"https:\/\/abj.com.mx\/?page_id=247"},"modified":"2024-12-04T23:01:19","modified_gmt":"2024-12-04T23:01:19","slug":"quienes-somos","status":"publish","type":"page","link":"https:\/\/abj.com.mx\/index.php\/quienes-somos\/","title":{"rendered":"Quienes somos?"},"content":{"rendered":"\t\t<div data-elementor-type=\"wp-page\" data-elementor-id=\"247\" class=\"elementor elementor-247\">\n\t\t\t\t\t\t<section class=\"elementor-section elementor-top-section elementor-element elementor-element-59cef04f elementor-section-content-middle elementor-section-boxed elementor-section-height-default elementor-section-height-default\" data-id=\"59cef04f\" data-element_type=\"section\" data-e-type=\"section\">\n\t\t\t\t\t\t<div class=\"elementor-container elementor-column-gap-no\">\n\t\t\t\t\t<div class=\"elementor-column elementor-col-100 elementor-top-column elementor-element elementor-element-588e5f05\" data-id=\"588e5f05\" data-element_type=\"column\" data-e-type=\"column\">\n\t\t\t<div class=\"elementor-widget-wrap elementor-element-populated\">\n\t\t\t\t\t\t<div class=\"elementor-element elementor-element-71e876b elementor-widget elementor-widget-video\" data-id=\"71e876b\" data-element_type=\"widget\" data-e-type=\"widget\" data-settings=\"{&quot;youtube_url&quot;:&quot;https:\\\/\\\/youtu.be\\\/QnEp_LAufc4&quot;,&quot;autoplay&quot;:&quot;yes&quot;,&quot;play_on_mobile&quot;:&quot;yes&quot;,&quot;video_type&quot;:&quot;youtube&quot;,&quot;controls&quot;:&quot;yes&quot;}\" data-widget_type=\"video.default\">\n\t\t\t\t<div class=\"elementor-widget-container\">\n\t\t\t\t\t\t\t<div class=\"elementor-wrapper elementor-open-inline\">\n\t\t\t<div class=\"elementor-video\"><\/div>\t\t<\/div>\n\t\t\t\t\t\t<\/div>\n\t\t\t\t<\/div>\n\t\t\t\t<div class=\"elementor-element elementor-element-1c67d00d elementor-widget elementor-widget-heading\" data-id=\"1c67d00d\" data-element_type=\"widget\" data-e-type=\"widget\" data-widget_type=\"heading.default\">\n\t\t\t\t<div class=\"elementor-widget-container\">\n\t\t\t\t\t<h3 class=\"elementor-heading-title elementor-size-default\">ACERCA DE NOSOTROS<\/h3>\t\t\t\t<\/div>\n\t\t\t\t<\/div>\n\t\t\t\t<section class=\"elementor-section elementor-inner-section elementor-element elementor-element-4a75ecbe elementor-section-boxed elementor-section-height-default elementor-section-height-default\" data-id=\"4a75ecbe\" data-element_type=\"section\" data-e-type=\"section\">\n\t\t\t\t\t\t<div class=\"elementor-container elementor-column-gap-default\">\n\t\t\t\t\t<div class=\"elementor-column elementor-col-50 elementor-inner-column elementor-element elementor-element-9d9a974\" data-id=\"9d9a974\" data-element_type=\"column\" data-e-type=\"column\">\n\t\t\t<div class=\"elementor-widget-wrap elementor-element-populated\">\n\t\t\t\t\t\t<div class=\"elementor-element elementor-element-388f6070 elementor-widget elementor-widget-text-editor\" data-id=\"388f6070\" data-element_type=\"widget\" data-e-type=\"widget\" data-widget_type=\"text-editor.default\">\n\t\t\t\t<div class=\"elementor-widget-container\">\n\t\t\t\t\t\t\t\t\t<p><span style=\"color: #d1d5db; font-family: S\u00f6hne, ui-sans-serif, system-ui, -apple-system, 'Segoe UI', Roboto, Ubuntu, Cantarell, 'Noto Sans', sans-serif, 'Helvetica Neue', Arial, 'Apple Color Emoji', 'Segoe UI Emoji', 'Segoe UI Symbol', 'Noto Color Emoji'; white-space-collapse: preserve; background-color: #343541;\">Contamos con una trayectoria de 77 a\u00f1os de servicio, la instituci\u00f3n ha marcado una huella indeleble en la comunidad. Desde sus humildes comienzos hasta su posici\u00f3n actual, ha demostrado un compromiso inquebrantable con la excelencia y la dedicaci\u00f3n a sus clientes, empleados y a la sociedad en general.<\/span><\/p>\t\t\t\t\t\t\t\t<\/div>\n\t\t\t\t<\/div>\n\t\t\t\t\t<\/div>\n\t\t<\/div>\n\t\t\t\t<div class=\"elementor-column elementor-col-50 elementor-inner-column elementor-element elementor-element-45eb7356\" data-id=\"45eb7356\" data-element_type=\"column\" data-e-type=\"column\">\n\t\t\t<div class=\"elementor-widget-wrap elementor-element-populated\">\n\t\t\t\t\t\t<div class=\"elementor-element elementor-element-2e27a122 elementor-widget elementor-widget-text-editor\" data-id=\"2e27a122\" data-element_type=\"widget\" data-e-type=\"widget\" data-widget_type=\"text-editor.default\">\n\t\t\t\t<div class=\"elementor-widget-container\">\n\t\t\t\t\t\t\t\t\t<p><span style=\"color: #d1d5db; font-family: S\u00f6hne, ui-sans-serif, system-ui, -apple-system, 'Segoe UI', Roboto, Ubuntu, Cantarell, 'Noto Sans', sans-serif, 'Helvetica Neue', Arial, 'Apple Color Emoji', 'Segoe UI Emoji', 'Segoe UI Symbol', 'Noto Color Emoji'; white-space-collapse: preserve; background-color: #343541;\">Actualmente laborando bajo la patente del A.A. Alfonso Bello Ju\u00e1rez (por la aduana de Veracruz, Ver.).<\/span><\/p>\t\t\t\t\t\t\t\t<\/div>\n\t\t\t\t<\/div>\n\t\t\t\t\t<\/div>\n\t\t<\/div>\n\t\t\t\t\t<\/div>\n\t\t<\/section>\n\t\t\t\t\t<\/div>\n\t\t<\/div>\n\t\t\t\t\t<\/div>\n\t\t<\/section>\n\t\t\t\t<section class=\"elementor-section elementor-top-section elementor-element elementor-element-99a2b04 elementor-section-boxed elementor-section-height-default elementor-section-height-default\" data-id=\"99a2b04\" data-element_type=\"section\" data-e-type=\"section\">\n\t\t\t\t\t\t<div class=\"elementor-container elementor-column-gap-default\">\n\t\t\t\t\t<div class=\"elementor-column elementor-col-100 elementor-top-column elementor-element elementor-element-1bc8de3\" data-id=\"1bc8de3\" data-element_type=\"column\" data-e-type=\"column\">\n\t\t\t<div class=\"elementor-widget-wrap elementor-element-populated\">\n\t\t\t\t\t\t<div class=\"elementor-element elementor-element-12dba49 elementor-widget elementor-widget-image\" data-id=\"12dba49\" data-element_type=\"widget\" data-e-type=\"widget\" data-widget_type=\"image.default\">\n\t\t\t\t<div class=\"elementor-widget-container\">\n\t\t\t\t\t\t\t\t\t\t\t\t\t\t\t<img fetchpriority=\"high\" decoding=\"async\" width=\"1024\" height=\"389\" src=\"https:\/\/abj.com.mx\/wp-content\/uploads\/2024\/12\/orgapag-1.jpg\" class=\"attachment-large size-large wp-image-712\" alt=\"\" \/>\t\t\t\t\t\t\t\t\t\t\t\t\t\t\t<\/div>\n\t\t\t\t<\/div>\n\t\t\t\t\t<\/div>\n\t\t<\/div>\n\t\t\t\t\t<\/div>\n\t\t<\/section>\n\t\t\t\t<section class=\"elementor-section elementor-top-section elementor-element elementor-element-2108307 elementor-section-boxed elementor-section-height-default elementor-section-height-default\" data-id=\"2108307\" data-element_type=\"section\" data-e-type=\"section\">\n\t\t\t\t\t\t<div class=\"elementor-container elementor-column-gap-default\">\n\t\t\t\t\t<div class=\"elementor-column elementor-col-100 elementor-top-column elementor-element elementor-element-bddbd90\" data-id=\"bddbd90\" data-element_type=\"column\" data-e-type=\"column\">\n\t\t\t<div class=\"elementor-widget-wrap elementor-element-populated\">\n\t\t\t\t\t\t<div class=\"elementor-element elementor-element-d2760a5 elementor-widget-divider--view-line elementor-widget elementor-widget-divider\" data-id=\"d2760a5\" data-element_type=\"widget\" data-e-type=\"widget\" data-widget_type=\"divider.default\">\n\t\t\t\t<div class=\"elementor-widget-container\">\n\t\t\t\t\t\t\t<div class=\"elementor-divider\">\n\t\t\t<span class=\"elementor-divider-separator\">\n\t\t\t\t\t\t<\/span>\n\t\t<\/div>\n\t\t\t\t\t\t<\/div>\n\t\t\t\t<\/div>\n\t\t\t\t\t<\/div>\n\t\t<\/div>\n\t\t\t\t\t<\/div>\n\t\t<\/section>\n\t\t\t\t<section class=\"elementor-section elementor-top-section elementor-element elementor-element-63a884f elementor-section-boxed elementor-section-height-default elementor-section-height-default\" data-id=\"63a884f\" data-element_type=\"section\" data-e-type=\"section\">\n\t\t\t\t\t\t<div class=\"elementor-container elementor-column-gap-default\">\n\t\t\t\t\t<div class=\"elementor-column elementor-col-100 elementor-top-column elementor-element elementor-element-8ec9366\" data-id=\"8ec9366\" data-element_type=\"column\" data-e-type=\"column\">\n\t\t\t<div class=\"elementor-widget-wrap elementor-element-populated\">\n\t\t\t\t\t\t<div class=\"elementor-element elementor-element-70edd88 elementor-widget elementor-widget-image\" data-id=\"70edd88\" data-element_type=\"widget\" data-e-type=\"widget\" data-widget_type=\"image.default\">\n\t\t\t\t<div class=\"elementor-widget-container\">\n\t\t\t\t\t\t\t\t\t\t\t\t\t\t\t<img decoding=\"async\" width=\"1024\" height=\"576\" src=\"https:\/\/abj.com.mx\/wp-content\/uploads\/2022\/03\/6-1024x576.jpg\" class=\"attachment-large size-large wp-image-359\" alt=\"\" srcset=\"https:\/\/abj.com.mx\/wp-content\/uploads\/2022\/03\/6-1024x576.jpg 1024w, https:\/\/abj.com.mx\/wp-content\/uploads\/2022\/03\/6-300x169.jpg 300w, https:\/\/abj.com.mx\/wp-content\/uploads\/2022\/03\/6-768x432.jpg 768w, https:\/\/abj.com.mx\/wp-content\/uploads\/2022\/03\/6-1536x864.jpg 1536w, https:\/\/abj.com.mx\/wp-content\/uploads\/2022\/03\/6.jpg 1920w, https:\/\/abj.com.mx\/wp-content\/uploads\/2022\/03\/6-600x338.jpg 600w\" sizes=\"(max-width: 1024px) 100vw, 1024px\" \/>\t\t\t\t\t\t\t\t\t\t\t\t\t\t\t<\/div>\n\t\t\t\t<\/div>\n\t\t\t\t\t<\/div>\n\t\t<\/div>\n\t\t\t\t\t<\/div>\n\t\t<\/section>\n\t\t\t\t<section class=\"elementor-section elementor-top-section elementor-element elementor-element-9df7cfa elementor-section-boxed elementor-section-height-default elementor-section-height-default\" data-id=\"9df7cfa\" data-element_type=\"section\" data-e-type=\"section\">\n\t\t\t\t\t\t<div class=\"elementor-container elementor-column-gap-default\">\n\t\t\t\t\t<div class=\"elementor-column elementor-col-50 elementor-top-column elementor-element elementor-element-7ce2264\" data-id=\"7ce2264\" data-element_type=\"column\" data-e-type=\"column\" data-settings=\"{&quot;background_background&quot;:&quot;classic&quot;}\">\n\t\t\t<div class=\"elementor-widget-wrap elementor-element-populated\">\n\t\t\t\t\t\t<div class=\"elementor-element elementor-element-f3b6154 elementor-widget elementor-widget-image\" data-id=\"f3b6154\" data-element_type=\"widget\" data-e-type=\"widget\" data-widget_type=\"image.default\">\n\t\t\t\t<div class=\"elementor-widget-container\">\n\t\t\t\t\t\t\t\t\t\t\t\t\t\t\t<img decoding=\"async\" width=\"1024\" height=\"683\" src=\"https:\/\/abj.com.mx\/wp-content\/uploads\/2022\/03\/chuttersnap-fN603qcEA7g-unsplash-1024x683.jpg\" class=\"attachment-large size-large wp-image-366\" alt=\"\" srcset=\"https:\/\/abj.com.mx\/wp-content\/uploads\/2022\/03\/chuttersnap-fN603qcEA7g-unsplash-1024x683.jpg 1024w, https:\/\/abj.com.mx\/wp-content\/uploads\/2022\/03\/chuttersnap-fN603qcEA7g-unsplash-300x200.jpg 300w, https:\/\/abj.com.mx\/wp-content\/uploads\/2022\/03\/chuttersnap-fN603qcEA7g-unsplash-768x512.jpg 768w, https:\/\/abj.com.mx\/wp-content\/uploads\/2022\/03\/chuttersnap-fN603qcEA7g-unsplash-1536x1024.jpg 1536w, https:\/\/abj.com.mx\/wp-content\/uploads\/2022\/03\/chuttersnap-fN603qcEA7g-unsplash-2048x1366.jpg 2048w, https:\/\/abj.com.mx\/wp-content\/uploads\/2022\/03\/chuttersnap-fN603qcEA7g-unsplash-1620x1080.jpg 1620w, https:\/\/abj.com.mx\/wp-content\/uploads\/2022\/03\/chuttersnap-fN603qcEA7g-unsplash-600x400.jpg 600w\" sizes=\"(max-width: 1024px) 100vw, 1024px\" \/>\t\t\t\t\t\t\t\t\t\t\t\t\t\t\t<\/div>\n\t\t\t\t<\/div>\n\t\t\t\t<div class=\"elementor-element elementor-element-3543f5c elementor-widget elementor-widget-text-editor\" data-id=\"3543f5c\" data-element_type=\"widget\" data-e-type=\"widget\" data-widget_type=\"text-editor.default\">\n\t\t\t\t<div class=\"elementor-widget-container\">\n\t\t\t\t\t\t\t\t\t<h3 style=\"text-align: center;\"><span style=\"color: #ffffff;\">VISION<\/span><\/h3><p style=\"text-align: center;\"><span style=\"color: #ffffff;\">Consolidarnos como una empresa confiable dentro de los servicios de comercio exterior bajo el nuevo esquema de empresa certificada como socio comercial certificado, a fin de lograr un crecimiento sostenido, con actitud responsable de trabajo que genere a nuestros clientes certeza de nuestro compromiso con sus operaciones<\/span><\/p>\t\t\t\t\t\t\t\t<\/div>\n\t\t\t\t<\/div>\n\t\t\t\t\t<\/div>\n\t\t<\/div>\n\t\t\t\t<div class=\"elementor-column elementor-col-50 elementor-top-column elementor-element elementor-element-6c4c2ef\" data-id=\"6c4c2ef\" data-element_type=\"column\" data-e-type=\"column\" data-settings=\"{&quot;background_background&quot;:&quot;classic&quot;}\">\n\t\t\t<div class=\"elementor-widget-wrap elementor-element-populated\">\n\t\t\t\t\t\t<div class=\"elementor-element elementor-element-b7ad59a elementor-widget elementor-widget-image\" data-id=\"b7ad59a\" data-element_type=\"widget\" data-e-type=\"widget\" data-widget_type=\"image.default\">\n\t\t\t\t<div class=\"elementor-widget-container\">\n\t\t\t\t\t\t\t\t\t\t\t\t\t\t\t<img loading=\"lazy\" decoding=\"async\" width=\"1024\" height=\"671\" src=\"https:\/\/abj.com.mx\/wp-content\/uploads\/2022\/03\/photo-1552295471-d95531024968-1024x671.jpeg\" class=\"attachment-large size-large wp-image-367\" alt=\"\" srcset=\"https:\/\/abj.com.mx\/wp-content\/uploads\/2022\/03\/photo-1552295471-d95531024968-1024x671.jpeg 1024w, https:\/\/abj.com.mx\/wp-content\/uploads\/2022\/03\/photo-1552295471-d95531024968-300x197.jpeg 300w, https:\/\/abj.com.mx\/wp-content\/uploads\/2022\/03\/photo-1552295471-d95531024968-768x504.jpeg 768w, https:\/\/abj.com.mx\/wp-content\/uploads\/2022\/03\/photo-1552295471-d95531024968-600x393.jpeg 600w, https:\/\/abj.com.mx\/wp-content\/uploads\/2022\/03\/photo-1552295471-d95531024968.jpeg 1063w\" sizes=\"(max-width: 1024px) 100vw, 1024px\" \/>\t\t\t\t\t\t\t\t\t\t\t\t\t\t\t<\/div>\n\t\t\t\t<\/div>\n\t\t\t\t<div class=\"elementor-element elementor-element-22d5802 elementor-widget elementor-widget-text-editor\" data-id=\"22d5802\" data-element_type=\"widget\" data-e-type=\"widget\" data-widget_type=\"text-editor.default\">\n\t\t\t\t<div class=\"elementor-widget-container\">\n\t\t\t\t\t\t\t\t\t<h3 style=\"text-align: center;\"><span style=\"color: #ffffff;\">MISION<\/span><\/h3><p style=\"text-align: center;\"><span style=\"color: #ffffff;\">Obtener la Satisfacci\u00f3n de nuestros clientes en el espacio operativo y administrativo, as\u00ed como mejorar los tiempos de respuesta y por supuesto los tiempos de despacho acorde a sus necesidades Crear un lazo de compromiso pleno y<\/span> <span style=\"color: #ffffff;\">absoluto considerando que su mercanc\u00eda es la nuestra mientras est\u00e1 en nuestras manos.<\/span><\/p>\t\t\t\t\t\t\t\t<\/div>\n\t\t\t\t<\/div>\n\t\t\t\t\t<\/div>\n\t\t<\/div>\n\t\t\t\t\t<\/div>\n\t\t<\/section>\n\t\t\t\t<\/div>\n\t\t","protected":false},"excerpt":{"rendered":"<p>ACERCA DE NOSOTROS Contamos con una trayectoria de 77 a\u00f1os de servicio, la instituci\u00f3n ha marcado una huella indeleble en la comunidad. Desde sus humildes comienzos hasta su posici\u00f3n actual, ha demostrado un compromiso inquebrantable con la excelencia y la dedicaci\u00f3n a sus clientes, empleados y a la sociedad en general. Actualmente laborando bajo la&hellip; <br \/> <a class=\"read-more\" href=\"https:\/\/abj.com.mx\/index.php\/quienes-somos\/\">Leer m\u00e1s<\/a><\/p>\n","protected":false},"author":1,"featured_media":190,"parent":0,"menu_order":0,"comment_status":"closed","ping_status":"closed","template":"","meta":{"om_disable_all_campaigns":false,"_monsterinsights_skip_tracking":false,"_monsterinsights_sitenote_active":false,"_monsterinsights_sitenote_note":"","_monsterinsights_sitenote_category":0,"_uf_show_specific_survey":0,"_uf_disable_surveys":false,"_themeisle_gutenberg_block_has_review":false,"footnotes":""},"class_list":["post-247","page","type-page","status-publish","has-post-thumbnail","hentry"],"aioseo_notices":[],"_links":{"self":[{"href":"https:\/\/abj.com.mx\/index.php\/wp-json\/wp\/v2\/pages\/247","targetHints":{"allow":["GET"]}}],"collection":[{"href":"https:\/\/abj.com.mx\/index.php\/wp-json\/wp\/v2\/pages"}],"about":[{"href":"https:\/\/abj.com.mx\/index.php\/wp-json\/wp\/v2\/types\/page"}],"author":[{"embeddable":true,"href":"https:\/\/abj.com.mx\/index.php\/wp-json\/wp\/v2\/users\/1"}],"replies":[{"embeddable":true,"href":"https:\/\/abj.com.mx\/index.php\/wp-json\/wp\/v2\/comments?post=247"}],"version-history":[{"count":55,"href":"https:\/\/abj.com.mx\/index.php\/wp-json\/wp\/v2\/pages\/247\/revisions"}],"predecessor-version":[{"id":715,"href":"https:\/\/abj.com.mx\/index.php\/wp-json\/wp\/v2\/pages\/247\/revisions\/715"}],"wp:featuredmedia":[{"embeddable":true,"href":"https:\/\/abj.com.mx\/index.php\/wp-json\/wp\/v2\/media\/190"}],"wp:attachment":[{"href":"https:\/\/abj.com.mx\/index.php\/wp-json\/wp\/v2\/media?parent=247"}],"curies":[{"name":"wp","href":"https:\/\/api.w.org\/{rel}","templated":true}]}}